of 43627016?
4
What is the hundred thousands digit of 67960221?
9
What is the tens digit of 46676609?
0
What is the hundreds digit of 35490975?
9
What is the hundred thousands digit of 5132678342?
6
What is the ten millions digit of 37197824?
3
What is the ten thousands digit of 151557422?
5
What is the units digit of 26454632?
2
What is the thousands digit of 36847914?
7
What is the millions digit of 1091569073?
1
What is the thousands digit of 477886505?
6
What is the hundreds digit of 126222890?
8
What is the ten millions digit of 736416445?
3
What is the tens digit of 111412316?
1
What is the hundred millions digit of 174178933?
1
What is the millions digit of 163683444?
3
What is the hundred thousands digit of 108972070?
9
What is the millions digit of 3695247?
3
What is the millions digit of 917530001?
7
What is the hundreds digit of 2110382948?
9
What is the ten thousands digit of 72997864?
9
What is the ten thousands digit of 438439241?
3
What is the tens digit of 984698139?
3
What is the millions digit of 1395088167?
5
What is the hundred millions digit of 759985291?
7
What is the thousands digit of 29439121?
9
What is the ten thousands digit of 166553215?
5
What is the millions digit of 24321830?
4
What is the hundred millions digit of 422768614?
4
What is the ten thousands digit of 713454091?
5
What is the tens digit of 1188612624?
2
What is the millions digit of 923011239?
3
What is the units digit of 3550399152?
2
What is the thousands digit of 4587803645?
3
What is the millions digit of 1767987481?
7
What is the millions digit of 61474943?
1
What is the hundreds digit of 15085599?
5
What is the tens digit of 2013422388?
8
What is the thousands digit of 431583407?
3
What is the hundreds digit of 73610157?
1
What is the ten millions digit of 478591781?
7
What is the ten millions digit of 49237357?
4
What is the millions digit of 73712381?
3
What is the units digit of 46754780?
0
What is the tens digit of 5252657595?
9
What is the hundreds digit of 855661?
6
What is the hundred thousands digit of 95228499?
2
What is the units digit of 976398239?
9
What is the tens digit of 1139629032?
3
What is the ten millions digit of 338939297?
3
What is the ten millions digit of 1886714756?
8
What is the thousands digit of 225255707?
5
What is the hundred millions digit of 842063743?
8
What is the ten thousands digit of 1122925108?
2
What is the millions digit of 124955332?
4
What is the ten millions digit of 47202840?
4
What is the units digit of 922440585?
5
What is the millions digit of 239566610?
9
What is the hundreds digit of 276243770?
7
What is the tens digit of 1428703149?
4
What is the hundred millions digit of 260623395?
2
What is the hundred thousands digit of 33510506?
5
What is the thousands digit of 78475433?
5
What is the units digit of 231384345?
5
What is the units digit of 295974136?
6
What is the tens digit of 11260840?
4
What is the hundreds digit of 2544869184?
1
What is the hundred thousands digit of 67656741?
6
What is the hundreds digit of 32461838?
8
What is the ten thousands digit of 741787310?
8
What is the thousands digit of 56313149?
3
What is the hundred millions digit of 569408578?
5
What is the hundred thousands digit of 2325057117?
0
What is the millions digit of 119234447?
9
What is the hundred thousands digit of 15863995?
8
What is the millions digit of 157406318?
7
What is the hundreds digit of 1582997338?
3
What is the hundreds digit of 42377520?
5
What is the millions digit of 58136233?
8
What is the ten thousands digit of 157912976?
1
What is the hundred thousands digit of 2931137446?
1
What is the ten millions digit of 214797693?
1
What is the ten millions digit of 112141505?
1
What is the hundred millions digit of 726059457?
7
What is the ten millions digit of 3719272288?
1
What is the hundred thousands digit of 2512528824?
5
What is the thousands digit of 19149504?
9
What is the ten millions digit of 720183712?
2
What is the ten millions digit of 50607945?
5
What is the hundred millions digit of 135108118?
1
What is the thousands digit of 66458433?
8
What is the tens digit of 19358437?
3
What is the hundreds digit of 1747411081?
0
What is the ten thousands digit of 27509142?
0
What is the millions digit of 747958601?
7
What is the tens digit of 28412908?
0
What is the billions digit of 4611001630?
4
What is the thousands digit of 87811396?
1
What is the thousands digit of 954092002?
2
What is the tens digit of 6023103046?
4
What is the thousands digit of 1131774740?
4
What is the thousands digit of 463291632?
1
What is the millions digit of 2107280554?
7
What is the thousands digit of 2780037439?
7
What is the ten thousands digit of 67761517?
6
What is the hundred millions digit of 101489615?
1
What is the ten millions digit of 319170813?
1
What is the thousands digit of 51864317?
4
What is the ten millions digit of 6969524545?
6
What is the millions digit of 134405649?
4
What is the millions digit of 174069865?
4
What is the units digit of 1422202368?
8
What is the ten thousands digit of 3599478855?
7
What is the hundred thousands digit of 126375787?
3
What is the units digit of 23777370?
0
What is the hundreds digit of 50058550?
5
What is the thousands digit of 7841192?
1
What is the millions digit of 5313925112?
3
What is the hundred thousands digit of 554091219?
0
What is the millions digit of 14782183?
4
What is the units digit of 7899673?
3
What is the thousands digit of 49908390?
8
What is the tens digit of 93732632?
3
What is the millions digit of 388644205?
8
What is the ten thousands digit of 395280123?
8
What is the ten thousands digit of 106812252?
1
What is the hundred thousands digit of 42245177?
2
What is the ten millions digit of 68028961?
6
What is the hundreds digit of 101440322?
3
What is the tens digit of 67612356?
5
What is the units digit of 148604669?
9
What is the hundred millions digit of 1342957269?
3
What is the units digit of 55507831?
1
What is the hundreds digit of 128901638?
6
What is the hundred millions digit of 1880843280?
8
What is the billions digit of 6942913764?
6
What is the thousands digit of 593923028?
3
What is the hundred thousands digit of 172475111?
4
What is the units digit of 857150617?
7
What is the units digit of 9119189668?
8
What is the hundred thousands digit of 104724985?
7
What is the hundreds digit of 76949546?
5
What is the millions digit of 30661077?
0
What is the thousands digit of 1071006401?
6
What is the thousands digit of 1704790185?
0
What is the millions digit of 1602912595?
2
What is the ten millions digit of 3856274339?
5
What is the ten thousands digit of 254802061?
0
What is the tens digit of 466132416?
1
What is the hundred thousands digit of 3628504722?
5
What is the thousands digit of 5207696198?
6
What is the ten millions digit of 282794856?
8
What is the thousands digit of 39626516?
6
What is the ten thousands digit of 156324191?
2
What is the hundreds digit of 1108090545?
5
What is the units digit of 1198399002?
2
What is the hundred thousands digit of 88979916?
9
What is the ten millions digit of 49321245?
4
What is the tens digit of 357526539?
3
What is the ten thousands digit of 607756840?
5
What is the thousands digit of 859440608?
0
What is the hundreds digit of 527209159?
1
What is the tens digit of 5022576615?
1
What is the ten millions digit of 554349270?
5
What is the hundreds digit of 96568926?
9
What is the ten millions digit of 7175317561?
7
What is the ten thousands digit of 996391104?
9
What is the tens digit of 45109544?
4
What is the tens digit of 387315336?
3
What is the tens digit of 354816069?
6
What is the units digit of 553216481?
1
What is the hundreds digit of 258617133?
1
What is the tens digit of 304257656?
5
What is the ten millions digit of 320245105?
2
What is the hundreds digit of 4750495861?
8
What is the millions digit of 117915123?
7
What is the ten thousands digit of 1056141857?
4
What is the ten millions digit of 1544835595?
4
What is the hundred thousands digit of 119292400?
2
What is the hundreds digit of 167563109?
1
What is the billions digit of 2119032896?
2
What is the hundred thousands digit of 3301824525?
8
What is the ten millions digit of 382252601?
8
What is the millions digit of 6